 + 14*x. Let o = 5 + -3. What is v(o)?
1
Let i be (-8)/(-10)*(-30)/(-4). Let r(p) = -8 + 13019093*p**3 - 13019094*p**3 + 16*p + 5*p**2 - 7*p. Determine r(i).
10
Let i(b) = 2*b**2 + 2*b + 2. Let l be (-2 + -2)*30/24. Let f be 3 + l/(-15)*-3. Suppose -f = -0*s + s. Give i(s).
6
Let z = 36 + -32. Suppose -2*n = -5*g + 14, 5*n = -z*g + 1 + 30. Let d(t) = -t**3 + 2*t**2 - 3. Give d(n).
-12
Let t(n) = -21*n**3 - 4*n**3 - 23 + 31*n**3 - 31*n**2 + 31*n - 5*n**3. Determine t(30).
7
Let w = -11 - -13. Let c(t) = -w*t - t - 5*t. What is c(-1)?
8
Let g be (-78)/5 + 16 + (-539)/35. Let r(k) = -k - 14. Calculate r(g).
1
Let r(g) = 0*g**2 + 16 + g**3 + g - 10 + 0*g**2. Calculate r(0).
6
Let b(s) = s**2 + 3*s + 2. Suppose -4*j = -6*j - 5*a + 55, j + a - 20 = 0. Let c be 2/(-6) - 40/j. Calculate b(c).
2
Let o(l) = -l**2 - 5*l - 2. Let u be o(-4). Suppose s + 0*p - 3 = -u*p, 15 = s - 4*p. Let z(c) = -c**2 - 4 + 0*c - s*c + 4*c - c. Determine z(-5).
-9
Let a(b) = 7*b + 5. Let j(t) = -13*t - 9. Let m(y) = -7*a(y) - 4*j(y). Let q be (-210)/735*(21 + 0). Give m(q).
-17
Let q(g) = -10 + 60 - 2 - 27 - 19*g + 22*g. What is q(-10)?
-9
Let y(c) be the second derivative of -c**5/20 + c**4/12 + c**3/6 + 648*c. Let o = -2 - -3. Give y(o).
1
Let v(w) = 10*w + 308. Let o be v(-30). Let g(b) = b - 12. What is g(o)?
-4
Let v(f) = 2*f**2 - 4*f**3 - 29 + 28 - 3*f**3. What is v(1)?
-6
Let p(t) = t**3 - 7*t**2 + 6*t + 4. Suppose -32 = -6*m + 10. Suppose n = -q + m, n + 5 = 3*q + 8. Calculate p(n).
4
Let g(v) = 11 + 0 - 4 + 0*v - 1 + 6*v. Calculate g(-8).
-42
Let v(t) be the third derivative of -1/24*t**5 + 0*t + 3/2*t**3 + 1/8*t**4 + 0 - 7*t**2. Let x(s) be the first derivative of v(s). Give x(2).
-7
Let l(r) = -34*r - 772. Let j be l(-23). Let b(t) = t**3 - 8*t**2 - 19*t - 10. Determine b(j).
0
Let w(p) = p - 1. Let d(a) = -28*a + 12. Let t(q) = 9*q - 4. Let o(x) = -5*d(x) - 16*t(x). Let i(y) = -o(y) - 6*w(y). Let n = -12 - -15. Calculate i(n).
-4
Let t = 953 + -964. Let g(z) = -z**2 - 14*z - 28. Calculate g(t).
5
Let i be (-7)/(-3) - 2/(-3). Let n(m) = -4*m**2 - m + 3. Let y(v) = -9*v**2 - 3*v + 6. Let c(w) = -5*n(w) + 2*y(w). Determine c(i).
12
Let w(g) = 3*g**3 + 712*g**2 - 4*g**3 - 4*g - 717*g**2 + 3 - 4. Calculate w(-4).
-1
Let x(s) = -s**3 - 2*s**2 + 8*s + 5. Let q be x(-4). Suppose 7 + q = 2*g. Let y(o) = o**3 - 6*o**2 - o + 5. What is y(g)?
-1
Let r(h) = -23*h + 36*h - 4 + 1 - 14*h. Calculate r(0).
-3
Suppose -94*l = -79*l - 90. Let y(x) = -x**3 + 7*x**2 - 2*x - 8. What is y(l)?
16
Let c(o) = -31*o - 61. Let v(x) = 17*x + 30. Let n(p) = 6*c(p) + 11*v(p). Give n(0).
-36
Let w(t) = t**3 - 5*t**2 - 6*t**3 + t + 0*t**3 + 4*t**3 - 1. Let s(q) = 6*q**3 + 24*q**2 - 4*q + 6. Let m(x) = -2*s(x) - 11*w(x). Determine m(7).
-22
Let w(a) = a + 1. Let i(g) = 6*g + 58. Let f(o) = -i(o) + 3*w(o). Let s be f(-20). Let j(q) = 5*q - 4. What is j(s)?
21
Let p(n) = -n**3 - 4*n**2 - 3*n - 5. Let g be p(-3). Let d = -6 + 9. Let l(c) = -5*c**2 + 5 - c**d - 4*c + c + 5*c + 0*c**3. Give l(g).
-5
Suppose -2*v + 7 + 9 = 0. Suppose -1 = v*r - 9*r. Let w(b) = -2*b - 2. Let l be w(r). Let f(n) = 3*n - 1. Determine f(l).
-13
Let a be (-10)/(4/(-2)) + 35/(-35). Let w(n) = -n**2 + 3*n + 2. What is w(a)?
-2
Suppose -10*f + 3 = -27. Suppose f*i - 3*q = 12, -i = 2*q + q + 12. Let k(v) = -v**2 + v - 14. What is k(i)?
-14
Let u(g) = -2 - 1 - 1 - g + 7. Let w(y) = 3 - 16 + 17*y**2 + 0*y + 0 - y + y**3. Let j be w(-17). Calculate u(j).
-1
Let k = 15 - 21. Let s be (-26)/(-10) + 1/(5/(-3)). Let m(o) = 6*o**s - 309 - 2*o + o**3 + 314 + 4*o. Calculate m(k).
-7
Let i be 21/(-14)*(4 - 132/18). Let x(w) = -w**3 + 3*w**2 + 13*w - 12. Determine x(i).
3
Let u(m) = m + 1. Let v(l) = 3*l**2 - 5*l - 6. Let a(q) = 5*u(q) + v(q). Suppose -43*t = -71*t + 28. What is a(t)?
2
Let a(x) = x**3 - 3*x**2 + 2*x. Let k(d) = -d**3 + d - 4. Let l(f) = 2*a(f) + k(f). What is l(5)?
-4
Let j = 490 - 11755/24. Let x(s) be the third derivative of -6*s**2 + j*s**4 + 0*s**3 + 0*s + 0. Give x(-1).
-5
Let o(d) = 11*d**2 + d**3 + d**2 - 6*d**2 - 7 - d. Suppose -6*q = -2*q. Suppose 0 = -x - 2*a + 3 - 9, q = -3*a. Calculate o(x).
-1
Let n(b) = b - 2. Let w be (3/(-9))/((-3)/18). Let z be (w + -3)*3*(-10)/15. Calculate n(z).
0
Let a(q) = 4*q - 9. Suppose v + 5*s - 25 = 0, -5*v + 4*v = 3*s - 15. Determine a(v).
-9
Suppose -23*p + 1 = 24. Let j(n) = -10*n + 1. Calculate j(p).
11
Let x(p) = 2*p + 1. Let t(v) = v**3 + 11*v**2 - 11*v + 17. Suppose 0*i - 2*i + 3*b - 15 = 0, -3 = -i + 5*b. Let a be t(i). Let y be (4*1)/(10/a). Give x(y).
5
Let d be 5*1 - 4/4. Let f(w) = -w - 7. Let h(a) = -a - 15. Let k(x) = 5*f(x) - 2*h(x). Give k(d).
-17
Let c(s) = s**2 - 4*s + 6. Let f = 67 - 65. Suppose 0 = a + 2, 2*a + f*a = -5*l + 12. Give c(l).
6
Let p(s) = -27*s**3 - 4*s**2 + 54*s**3 - 1 - 28*s**3. What is p(-4)?
-1
Let k(o) = -4*o + 6. Suppose 23 + 7 = 2*g. Suppose 5*s - g = 0, 5*d = s - 3*s + 31. What is k(d)?
-14
Let r(a) be the third derivative of a**5/60 + 7*a**4/24 + 2*a**3/3 + 82*a**2. Calculate r(-6).
-2
Let s(j) be the first derivative of -j**2 - 56*j + 315. Determine s(0).
-56
Let a(z) = -z**3 - 18*z**2 + 19*z + 6. Let y be a(-19). Let t(w) be the first derivative of 2*w**2 - 3 - 7/3*w**3 + 8*w + 1/4*w**4. Determine t(y).
-4
Let y(b) = 10*b + 11*b**2 - 21*b**2 + 10*b**2 + 9 + b**2. Calculate y(-8).
-7
Let k(m) = m**3 - 14*m**2 - 16*m + 19. Let z = -79 - -94. Give k(z).
4
Let w(p) = p**3 + p**2 + p - 4. Let t be ((-10)/8)/(-4 - (-258)/64). Let r = t - -40. Determine w(r).
-4
Let u(w) be the second derivative of -w**4/12 + 5*w**3/3 - w**2 + 70*w - 3. Calculate u(8).
14
Let a(x) = -3 - 2 + 2 + 10 + 3*x. Let v = -18 - -21. Let q be (-1)/(v*(-2)/(-36)). What is a(q)?
-11
Let c be (-12)/((-7)/(28/(-6))). Let p be 1/((-2 - 2)/c). Let v(m) = 3 + 2*m - 3 - 3. Give v(p).
1
Let x(o) = 2*o**3 + 3*o**2 + 11*o + 8. Let v(c) = -2*c**3 - 2*c**2 - 9*c - 7. Let s(y) = 6*v(y) + 5*x(y). Determine s(2).
-4
Let b(g) = -6*g**2 + 5*g. Let c(i) = -i**2. Let t(z) = b(z) - 5*c(z). Let y be (1320/176)/((-2)/(-3)*(-30)/(-16)). Give t(y).
-6
Suppose -3*o + 860 = 4*y, 4*y - 2*o = 992 - 132. Suppose -5*b = y - 55. Let n = b - -30. Let l(r) = r**3 + 5*r**2 + 3*r + 3. Determine l(n).
9
Let c(a) = -2*a + 2*a**2 - 2 + 0*a**2 - 4*a**2 + 5*a. Let g = 41 - 38. Suppose g*f - 13 = -4. Determine c(f).
-11
Suppose -16 = -7*p + 5. Let t(m) = p - 2 - 75*m + 55*m. Suppose 2*j + 4*a = 5*j - 9, -10 = j + 3*a. Calculate t(j).
21
Let k(j) = 4*j + j - 4*j. Let y(q) be the second derivative of 4*q**2 - 53*q. Let w(a) = -k(a) + y(a). What is w(6)?
2
Let c(r) be the first derivative of r - 1/6*r**3 - 5 - 3*r**2. Let i(a) be the first derivative of c(a). What is i(-5)?
-1
Let g(k) = -k**3 - 7*k**2 - 7*k - 5. Let l(w) = w**3 - 8*w**2 + 9*w - 6. Let q be l(6). Suppose 17*j = 20*j - 24. Let r be j/(-3)*(-54)/q. Determine g(r).
1
Let a(c) = 4*c - 1. Let z(n) = 8*n - 2. Let s(w) = -5*a(w) + 3*z(w). Determine s(-2).
-9
Let p(l) = 84 - 83 - 11*l + 7*l + 2*l. What is p(5)?
-9
Let f = 97 - 97. Let r(s) = -s. Calculate r(f).
0
Let z(b) = 3*b**2 + 5 + 20*b - 35*b + 11*b - 4*b**2 + 1. Give z(-5).
1
Let r(d) = -7*d**3 + 5*d**2 + 7*d - 4. Let h(n) = -9*n**3 + 5*n**2 + 7*n - 3. Let j(o) = -3*h(o) + 4*r(o). What is j(5)?
28
Let q = 19 - 13. Let t(d) = 7*d + 2*d**2 + 1 + d**2 - q - 4*d**2. Let c = -7 + 12. Determine t(c).
5
Let l(o) = o**3 - 2*o. Let b be 200/(-60)*(-12)/20. Determine l(b).
4
Let t = -9 - -14. Let y be (-2)/2*(-7 + t). Let n(a) = 26*a + a**3 - 25*a - y - 1 + 4*a**2. What is n(-4)?
-7
Let m(x) = -x**3 - x**2 + x. Let c(o) = -3*o**3 - 9*o**2 + 7*o + 4. Let n(d) = -c(d) + 4*m(d). Give n(4).
0
Let h(o) = 2*o**3 + 12*o**2 + 7*o + 6. Let y(s) = -s**3 + 2*s**2 + s + 1. Let u(w) = -h(w) + 6*y(w). Calculate u(-1).
9
Let h(k) be the second derivative of -3*k - 5/12*k**4 + 1/20*k**5 + 0 + 1/3*k**3 + 0*k**2. What is h(4)?
-8
Let z(m) be the first derivative of -2*m - 2/3*m**3 + 10 - 1/2*m**4 - 2*m**2. Give z(-2).
14
Let g be ((-48)/(-28) - 0)/(14/(-49)). Let i(h) = -2*h**2 - 5*h + 11. Give i(g).
-31
Let j(l) be the third derivative of -l**6/120 + l**5/30 + l**4/12 - l**3/6 - 2*l**2 - 6*l. What is j(3)?
-4
Let u(x) be the third derivative of 0*x - 2/3*x**3 - 6*x**2 - 1/24*x**4 + 0. Let i be 1/4 - (-66)/(-8). What is 